y(-2).
15
Suppose 2*v - 78 = -4*v. Suppose -3*n = -l - 11, 5*n - v = 3*l + n. Let d(q) = l - q**3 - 9*q - 4*q**2 + 7*q - 2*q**2 + 5*q**2. Give d(-2).
9
Suppose 0 = -3*y + 2*a + 8, -4*y - 4*a + 4 + 0 = 0. Let u be (2 + 3)/(y/(-4)). Let p(w) = 1111 - 1120 - 2*w + w. Give p(u).
1
Let j be -3*(10/(-6) - 0). Let h(y) = -j*y - 2200 + 6*y + 2198. Determine h(9).
7
Let r(w) = 6*w + 4. Suppose 264*p - 258*p - 558 = 0. Let c be (-22)/176 - p/24. What is r(c)?
-20
Let f(s) = -17*s - 63. Let w(l) = -4*l**2 + 231*l + 53. Let g be w(58). Determine f(g).
22
Let i = 7380 + -7375. Let t(w) = -15*w + 25. Calculate t(i).
-50
Let z(d) = -d**2 + 9*d - 7. Let y(i) = 12*i + 67. Let h be y(-5). Suppose 58 = h*q + 16. Determine z(q).
11
Let v(w) = 4*w - 1. Let j(g) = -7*g + 25. Let l(p) = j(p) + v(p). Give l(14).
-18
Let b = -19 - -23. Let y(l) = -3*l**2 - 9*l + 9. Let q(w) = -14*w**2 - 39*w + 41. Let d(s) = -2*q(s) + 9*y(s). Calculate d(b).
3
Suppose -4*b = 5*p + 37, 12*p - 11*p - 3*b - 4 = 0. Let u(m) = -m**2 - 16*m + 12*m + 8*m + 5 + 2*m**2. Give u(p).
10
Let j(y) = -y**3 - 6*y**2 + 3*y + 9. Let w be (-536)/36 + 9 - (-2)/(-18). Let n be j(w). Let b(p) = 2*p**2 + 16*p - 13. What is b(n)?
5
Let u(t) = -220*t + 52*t + 49*t + 2 + 3*t**2 + 56*t + 55*t. Calculate u(3).
5
Let q(t) = 2*t**2 - 3*t - 2. Let g be 8/20 + (-4)/10. Suppose -p + 4 = g, -z + 4*p + 10 = 3*p. Let c be 3*-1*(13 - z). What is q(c)?
7
Suppose -18 = z - 3*z. Let n(m) = -3 - 7*m**2 + 10*m + 32*m**2 - 11*m**2 - 9*m**2 - 6*m**2. Determine n(z).
6
Let n(c) be the third derivative of -2/3*c**3 + 5/12*c**4 + 0*c - 9 - c**2. Give n(3).
26
Let z be (-1)/(0 + -5 + (-57)/(-12)). Suppose -56 = -4*l + i - 23, 4*i = z*l - 36. Let a(p) = -p**2 + 5*p + 13. Determine a(l).
-11
Let n(b) = 14*b**3 - 59*b**2 + 34*b + 19. Let p(j) = -5*j**3 + 20*j**2 - 12*j - 6. Let o(c) = 6*n(c) + 17*p(c). Calculate o(-14).
12
Let u(s) = -s - 2. Suppose -3*o - 5*n - 144 = -2*o, 0 = -5*o + 3*n - 608. Let b = o - -117. Calculate u(b).
5
Let p(v) = 3897*v + 37 - 7755*v + 3859*v. What is p(-22)?
15
Let o(r) = r + 6. Let x(p) be the first derivative of p**3/3 - p**2/2 + 4*p + 13. Let d be x(0). Suppose -2*g = -4*y - 16, -3*y - 7 = d*g - 8*g. Determine o(y).
1
Let y(d) be the third derivative of -d**4/24 + 28*d**2. Let s(x) = -x**2 + 7*x - 8. Let t be s(6). Let c be (2 + -1)*t + 10. What is y(c)?
-8
Let r(f) = -16*f**2 - 61*f + 14. Let j be r(-4). Let l(n) = -9*n**3 + n**2 - 2*n + 3. Give l(j).
-69
Suppose 3*o - 4 = 4*o - 3*o. Let x(w) = w - 12. Determine x(o).
-10
Let l = -395 - -396. Let t(h) = -h**2 - 40*h + 41. Let u be t(l). Let c(p) = p - 42. What is c(u)?
-42
Let h(j) = 1. Let o(w) = w**2 - 12*w + 14. Let x(t) = -5*h(t) + o(t). What is x(8)?
-23
Let r(x) = x**2 - 5*x - 5. Let y = 27 - -17. Let d = 44 - y. Suppose d = 4*q + 8, 5*q + 20 = 2*p + q. Give r(p).
1
Suppose -3 = -h + 3. Let n be (-8)/(-24) - (-4)/h. Let d(j) = 12*j**3 + 2*j - 1. Let i(t) = -t**3. Let c(m) = -d(m) + 6*i(m). Determine c(n).
-19
Let w(c) = -6*c**2 + 44*c - 28. Let h(l) = 8*l**2 - 43*l + 45. Let v(g) = -4*h(g) - 5*w(g). Give v(-23).
6
Let v(a) = 39 - 55 + 30 + 10 + a**2 + 11*a. Calculate v(-4).
-4
Let z(x) = -2*x. Let v = 55 - 28. Let t = -136 - -162. Let j = v - t. What is z(j)?
-2
Let m = 1001 - 994. Suppose -q = -0*w - 4*w + 87, -w = 5*q - 6. Suppose m*r - 2*r + w = 2*v, 33 = -4*v - 5*r. Let y(g) = -2*g. Determine y(v).
4
Let v(w) be the second derivative of w**3/6 - 3*w**2/2 - 9*w. Let d be v(10). Let f(n) = -d*n + 0*n + n - 59 + 56. Give f(-2).
9
Let o(i) be the first derivative of -i**3/3 - 7*i**2/2 - 4*i - 1094. Give o(-5).
6
Let g = 6 + -6. Suppose g = q + q + 4*j + 16, 3*j = -15. Let n(t) = 96*t**2 - 2*t + 93*t**q - 188*t**2. Calculate n(4).
8
Let v(b) = b + 3. Let q be v(0). Suppose 23 + 9 = 4*r. Let u(i) = -13*i**3 - i**2. Let l(o) = 8*o**3 + o**2. Let x(s) = r*l(s) + 5*u(s). What is x(q)?
0
Let z(r) = r - 6. Let c be 23/(-5) + 5 - 43/(-5). Let j(y) = -c*y + 19 + 24 + 4*y. Let g be j(8). Calculate z(g).
-3
Suppose 9 = -3*j, -6*f + f + 164 = 2*j. Let o = -12 - f. Let d = o + 47. Let n(l) = -7*l**3 - l. Determine n(d).
-8
Let s be 2/2 + (5 - 0). Let h(w) = 63*w**2 + 5*w - 1. Let q(m) = 16*m**2 - 1. Let j(g) = h(g) - 4*q(g). Determine j(s).
-3
Let r(l) = 5 + l**2 + 0*l - 7*l + 2*l**2 + 0*l. Let h be r(2). Let w(j) = -j**h + 4 - 66*j**2 + 26*j**2 + j + 32*j**2 + 0. Determine w(-8).
-4
Let s(t) = -5*t**3 + 13*t**2 + 5*t - 3. Let m(i) = 11*i**3 - 27*i**2 - 11*i + 5. Let f(w) = 4*m(w) + 9*s(w). Suppose -63 = -40*d + 33*d. Calculate f(d).
2
Let x(y) = 128028*y + 128026*y + 100 - 256053*y. Give x(0).
100
Let f(b) = -b**2 - 12*b + 30. Let z be (23 + (-238)/10)/(2/35). Determine f(z).
2
Let b(q) = -q**2 - 14*q - 17. Suppose -56 = -2*j - y, 2*j + y - 52 = -y. Suppose j + 6 = -3*x. Determine b(x).
7
Suppose -9*d = -32 - 58. Let o(r) = -4 - 8*r**2 + 9*r**2 - d*r - 1 + 3. Calculate o(11).
9
Let m(d) be the first derivative of -1 + 5*d + 3/2*d**2. Suppose 38*p = -178 + 26. Give m(p).
-7
Suppose -k - 24 - 96 = 0. Let j be k/(-25) + 2/10. Let o(y) = -y + 4*y - 2*y - j. Determine o(-7).
-12
Let z(u) = 0 - 118*u**2 - 117*u**2 - 16*u + 1 + 348*u**2 - 110*u**2. Calculate z(5).
-4
Let k(d) be the first derivative of -38*d - 21 - 13/2*d**2 - 1/3*d**3. Let p be k(-9). Let z(i) = 3*i**2 - i. Determine z(p).
14
Let z(k) be the first derivative of k**2/2 + 4*k + 1. Let m be z(3). Let f(q) = -20*q + 6 + 42*q - 12*q + q**3 - 1 - 8*q**2 - 5*q. What is f(m)?
-9
Suppose -4*q + 2 = -26. Let s(t) = 46*t - 2 - 7*t - 10*t - 31*t. Determine s(q).
-16
Let i(n) be the third derivative of -n**4/6 - 179*n**3/6 + n**2 + 521. Determine i(-46).
5
Let s(i) be the second derivative of -i**5/20 + i**4/2 + i**3/6 + 3*i**2/2 + 151*i. Let j = 53 - 92. Let f = 45 + j. Determine s(f).
9
Let q(t) = 2*t + 4. Let a(v) be the third derivative of v**6/60 + v**5/60 - v**2. Let f be a(1). Let r(n) = -n - 3. Let p be r(f). Give q(p).
-8
Let k = -37 + -52. Let a = k + 147. Suppose 43 = 4*c - 3*s, -2*c + 5*s + a = 19. Let x(n) = n**2 - 10*n + 9. Calculate x(c).
-12
Let i(g) = 8*g + 3. Suppose -2*f + 5*a = 16 - 5, -5*f + 25 = 5*a. Give i(f).
19
Suppose 9432*c - 9451*c - 7 = 31. Let d(l) = -10*l**2 - 9*l + 3. What is d(c)?
-19
Suppose 6*l = l + 20. Let c(x) = 4*x - l*x + 5*x. Let k(v) = -69*v**2 + 488*v - 37. Let z be k(7). Determine c(z).
-10
Let f = -53 - -58. Suppose -4 = -5*v - f*b + 6, 0 = 4*v - 3*b - 29. Let w(s) = -s**2 + 5*s + 3. Determine w(v).
3
Let p = -7910 - -7903. Let l(x) = -x + 1. Let g be l(-6). Let v(k) = -k + 8 + g*k + k - 2*k. Calculate v(p).
-27
Let l(t) = -t**2 + 7*t + 9. Let q be (264/341)/(-12) - (-2628)/372. Give l(q).
9
Suppose -3*p + 1202 - 1199 = 3*s, 5*s = -3*p + 7. Let h(x) be the second derivative of 1/12*x**4 + 1/3*x**3 - 24*x + 1/2*x**s + 0. What is h(-3)?
4
Suppose 0 = -5*a + 14*a + 495. Let p = a + 54. Let n(m) = m**3 - 2*m - 1. Calculate n(p).
0
Let m(x) = x - 4. Suppose -5*g = 2*z + 63, -2*g - 2*g = -4*z + 56. Let c be g/((-260)/30) - (-2)/4. Give m(c).
-2
Let u(z) = z - 8. Let r be 13/((-52)/(-80)) - -3. Suppose 37*n = r*n + 84. Calculate u(n).
-2
Let t(w) = 140*w**2 - 20 - 12*w + 141*w**2 - 417*w**2 + 139*w**2. What is t(5)?
-5
Let z(y) be the first derivative of 13 + 1/3*y**3 + 9*y - 1/20*y**5 - 1/2*y**4 - 3*y**2. Let d(g) be the first derivative of z(g). Give d(-6).
-18
Suppose 268*d = 265*d + 60. Let m(n) = -n**2 + 20*n - 18. Let t be m(d). Let b be t/7 - ((-32)/(-7))/(-8). Let a(x) = -4*x - 1. Give a(b).
7
Let k = -4638 - -4644. Let o(y) = -y**3 + 6*y**2 - 7*y - 12. Give o(k).
-54
Suppose -u = 3*p + 9, 4*u + 5*p + 16 = -6. Let y(j) be the second derivative of -1/4*j**4 + j - 5/6*j**3 + 0 - 3/2*j**2. Give y(u).
-15
Let p(t) be the first derivative of 1/3*t**3 + 10*t + 219 - 3*t**2. What is p(6)?
10
Let z(s) = s**3 - 18*s**2 - 10. Let j be z(18). Let x(g) = 2*g + 23. Let d be x(j). Suppose -15 + 33 = -d*m. Let l(y) = y**2 + 8*y - 2. What is l(m)?
-14
Let n(c) = -170 - 178 - 174 + 12*c**2 - 175 + 2*c + 698. Let q = -2 - -1. Give n(q).
11
Suppose -z = -1 - 2. Suppose 2*l = z*h - 4, 0*h + 2*h = 5*l + 32. Let w(y) = -439 + 221 + y**2 + 4*y + 3*y + 217. What is w(l)?
7
Let o(j) = -j**3 + j**2 + 2*j - 1. Suppose 0 = -45*g - 2 + 92. Give o(g).
-1
Let n(w) = -7*w**2 - 2*w + 6. Let 